t z = 1053 + y. What is n(z)?
-26
Suppose -2*s + 20 = 3*y + 2*y, 39 = 3*s + 3*y. Suppose -47 = -8*q - s. Let k(h) be the first derivative of h**3/3 - 3*h**2 + 5*h - 3. What is k(q)?
-3
Let t = -2333/75 - -786/25. Let p(f) be the first derivative of -2 + t*f**3 - 5/2*f**2 - f. What is p(7)?
13
Let u(w) = -w - 8. Let y be ((-18)/54)/(4/(-14)*(-84)/144). Determine u(y).
-6
Let m = -81 - -90. Suppose -23 - 13 = m*g. Let k(r) = 2*r + 2. Give k(g).
-6
Let x(u) = 19563 - 58667 + 19549 + u + 19550. Suppose -10 = 5*d - 30. Give x(d).
-1
Let g = -43 - -48. Suppose -8*s = g*q - 4*s - 167, 5*q = -2*s + 161. Suppose 88 = 20*m - q*m. Let x(a) = a**3 + 9*a**2 + 7*a - 9. Determine x(m).
-1
Suppose 3*i + i + p - 2 = 0, 5*p = 2*i - 12. Let v = 32 + -22. Let u(g) = i - 7 + v + g - 1. Determine u(-3).
0
Let z(x) = -x**3 - 5*x**2 - 55*x - 156. Let s be z(-3). Let j(m) = -m**3 - 9*m**2 - 9. Give j(s).
-9
Suppose -w - 2*a + a = 4, 3*a = 0. Let i(h) = -40*h + 16*h + 4 + 26*h. Let p be i(w). Let x(y) = 7*y + 5. Determine x(p).
-23
Let v(f) = 8*f + 4. Let o(g) = -9*g - 4. Let s be (8/(-12))/(4/42*1). Let b(p) = -2*p - 11. Let x be b(s). Let t(z) = x*o(z) + 4*v(z). Calculate t(4).
24
Let j = 142 + 209. Let u = j - 348. Let r(b) = 2*b - 1. Let z(l) = 3*l. Let m(a) = 4*r(a) - 3*z(a). Calculate m(u).
-7
Let a(j) be the third derivative of -j**5/20 - 11*j**4/8 - 13*j**3/3 + 2163*j**2. Determine a(-10).
4
Let f(b) = -20 - 6*b - 12 - 9 + 26. Give f(5).
-45
Let b(n) = 1523 - 762 + 4*n - 19*n**2 - 4*n**2 - 761. Give b(1).
-19
Suppose 179*a = 188*a - 117. Let r(w) be the first derivative of -a*w - 4 + 1/2*w**2. Determine r(9).
-4
Let f(a) = -17*a**3 + a**2 + a - 1. Let l(v) = -v + 13. Suppose 0 = -3*j - 4*x + 76, j - x - 10 = 6. Suppose -j + 68 = 4*y. Let d be l(y). Give f(d).
-16
Let g(m) be the first derivative of -m**5/120 - 3*m**4/4 - m**3/3 + 88*m**2 - 135. Let z(x) be the third derivative of g(x). Calculate z(-13).
-5
Let z(t) = 10*t**2 - 10*t - 10. Let w(s) = -3*s**2 + 3*s + 3. Let h(x) = 7*w(x) + 2*z(x). Let v(d) = -5*d**2 + 64*d + 10. Let y be v(13). Calculate h(y).
-11
Let v(o) be the second derivative of o**4/12 - 7*o**3/6 + 5*o**2/2 - 7*o + 24. Calculate v(6).
-1
Let f = 76421 + -76428. Let b(i) = 11*i**2 - 12*i + 7. Let g(l) = 5*l**2 - 6*l + 3. Let u = 7 - 13. Let c(t) = u*b(t) + 13*g(t). What is c(f)?
-10
Let g(m) = 6*m**2 + 276*m - 7. Let q be g(-46). Let y(k) = -2*k**3 - 12*k**2 + 8*k - 10. Determine y(q).
32
Suppose 0 = 6*w + 2 + 10. Let q(n) be the third derivative of n**4/12 + n**3/3 + 140*n**2 + 2*n. What is q(w)?
-2
Suppose 153 = -18*k - 142 + 349. Let v(x) = x**2 - 5*x + 1. What is v(k)?
-5
Let j(h) = h + 1503 - 3409 + 1914. Determine j(9).
17
Let o(w) = 14*w**3 + 93*w**2 + 207*w + 83. Let a(y) = -3*y**3 - 23*y**2 - 51*y - 20. Let u(h) = -9*a(h) - 2*o(h). Give u(23).
-9
Let r = -9858 + 9863. Let z(j) = -j**2 + 2*j - 1. Give z(r).
-16
Let j(d) be the first derivative of 24*d**2 - 200*d - 168. Let w be j(4). Let b(a) = a**2 + 10*a + 6. Give b(w).
-10
Suppose 0 = 177*l + 858 + 735. Let o(h) = -7*h - 51. Calculate o(l).
12
Let w(s) = 3*s**2 + 6*s + 6. Let k be w(-1). Let v(u) = 27 - k + u**2 - 13 - 8 - 2*u. Determine v(2).
3
Let u be (8 - 4)/(-1*-1*(-6)/(-39)). Let r(d) be the second derivative of 5/3*d**3 + u*d - 1/2*d**4 + 9/2*d**2 + 0 - 1/20*d**5. Calculate r(-7).
-12
Let l(t) be the second derivative of t**5/60 - 5*t**4/24 - t**3/3 + 17*t**2 - 55*t. Let v(u) be the first derivative of l(u). Calculate v(5).
-2
Let d(y) be the first derivative of y**4/4 + 10*y**3/3 - 3*y**2 - 34*y - 1057. Calculate d(-10).
26
Let l = -1348 + 1342. Let y(c) = -2*c**2 + 7*c - 3. Let r(d) = -9*d**2 + 29*d - 13. Let v(b) = -6*r(b) + 26*y(b). Determine v(l).
24
Let n be (-14)/(-2) - (-666)/(-74). Let c(i) = -5*i - 6. Let a be c(n). Let u(j) = 4*j - 8. Calculate u(a).
8
Let a(y) = -6 - y - y**3 + 6*y**2 - 4*y + 2*y. Let f = 42521 - 42516. Give a(f).
4
Let q(p) = -2*p + 13. Let z = 3018 - 3025. Let k(i) be the second derivative of i**3/6 - 9*i**2/2 + i. Let m(t) = z*k(t) - 5*q(t). Determine m(-5).
-17
Let l(g) = 4*g - g - 2*g - 12. Let u = -500 - -504. Suppose u*r = 5*z - 4*z + 1, -3*r - z - 1 = 0. Calculate l(r).
-12
Let m(d) = 6*d - 27. Let j be m(5). Let y(n) = 1849*n**3 - 927*n**3 - 3*n**2 - 8*n - 5*n**2 - 923*n**j - 6. Give y(-7).
1
Let d(f) = 3*f**2 + 2*f - 20. Suppose 0 = -291*l - 236*l + 1581. Give d(l).
13
Let m(h) be the second derivative of -h**4/24 + h**3 + 33*h**2 + 18*h. Let t(a) be the first derivative of m(a). Give t(0).
6
Let y(u) be the third derivative of -1/6*u**3 - 3*u**2 + 0*u - 1/40*u**6 - 1/24*u**4 - 1/60*u**5 - 5. Let f be (-1)/3*3/1. Give y(f).
2
Let m(r) = -5*r + 1. Let n(c) = -8*c - 10. Let b(d) = 5*m(d) - 3*n(d). Determine b(-12).
47
Let b(v) = -v - 6. Let r be 57*((-5)/(-3) - 2). Suppose 13*l = 9*l + 52. Let y = l + r. What is b(y)?
0
Suppose 2*u + 8 = 4*s, -3*s - u = s - 8. Suppose 39 - 41 = s*l. Let n = l + 2. Let k(j) = -11*j**3 - 2*j**2 + 1. What is k(n)?
-12
Let t = -194 + 199. Let n(r) = -r + 6 + 12 - 3 - t. Give n(5).
5
Let m(f) = f - 1. Let w be (120/(-36))/(1/3). Let y be 450/(-27)*24/w. Let p = y + -37. Determine m(p).
2
Let k(g) = -1676 + 1679 - g**2 + g + 2*g - 2*g. Let u(o) = -o. Let w be u(-4). Calculate k(w).
-9
Let c(k) = 19*k**2 + 39*k - 144. Let t(s) = -7*s**2 - 13*s + 50. Let u(b) = -3*c(b) - 8*t(b). What is u(-14)?
18
Let o(t) = 8*t**3 - 20557*t - 10*t**3 - 4 + 20564*t - 15*t**2. What is o(-8)?
4
Let n(v) be the third derivative of v**6/120 + v**5/15 - 19*v**4/24 - 23*v**3/6 + 8404*v**2. Calculate n(-7).
-37
Suppose -11*s - 4 - 5 = -12*s. Let t(f) = -3*f - 4. Let z(n) = -n + 1. Let p(o) = -t(o) + 4*z(o). Determine p(s).
-1
Let l be -3 - (1 + (-6)/15 - 2632/470). Let w(j) = 3 - 7 - 2*j + 3. Determine w(l).
-5
Suppose 365 = -5*u - q, 3*q + 49 = -u - 2*q. Let b = -82 - u. Let h(z) = -z + 456 + 3*z - 444. Determine h(b).
-4
Suppose -18*b + 20 = -48*b - 70. Let o(r) = r**3 + 2*r**2 + 2*r. What is o(b)?
-15
Let r be (79 - 14)*(-2)/(-10). Let s(q) = -q**3 + 11*q**2 + 29*q - 10. What is s(r)?
29
Let l(s) = 15*s**3 + 31*s**2 - 4*s - 10. Let c(t) = -15*t**3 - 26*t**2 + 4*t + 9. Let n(x) = -6*c(x) - 5*l(x). What is n(-1)?
-14
Let q = -3306 - -3304. Let o(v) = v**3 + v**2 - 9*v - 5. Give o(q).
9
Let b(k) = -60*k**2 - 24*k + 121*k**2 - 11*k - 3*k - 22 - 64*k**2. What is b(-12)?
2
Let s(j) be the third derivative of j**5/60 + j**4/3 - 4*j**3/3 - 2*j**2. Suppose -2*f + 11*h = 12*h + 21, 4*f = -3*h - 47. What is s(f)?
-8
Let l(j) = j - 3. Let v be l(3). Suppose v*k = 2*k - 2, -2*k + 26 = -3*m. Let o(c) = c**2 + 7*c + 10. Determine o(m).
18
Let c(y) = -5*y**2 + 5*y - 2. Suppose -10*l - 10 = -8*l. Let r(j) = -6*j**2 + 6*j - 2. Let o(h) = l*c(h) + 4*r(h). What is o(5)?
22
Let f(t) = -55 + 3085*t - 6199*t - 2*t**2 + 3083*t. Calculate f(-14).
-13
Let j be 404/(-28) - (-9)/21. Let a(h) = 5*h**2. Let i be a(1). Let r(d) = -10*d + 5. Let n(x) = -30*x + 14. Let g(c) = i*n(c) + j*r(c). Determine g(1).
-10
Let b(u) be the first derivative of u**4/4 + 2*u**3/3 - 3*u**2 - 6*u - 372. Calculate b(-5).
-51
Let v(i) = 15*i**2 - 11*i - 2. Let a(d) = -4*d**2 + d. Let t(h) = 4*a(h) + v(h). Determine t(-8).
-10
Let y = 815 - 1380. Let v = 570 + y. Let f(w) = w**2 - 5*w. Calculate f(v).
0
Let c(g) = g**2 - g - 8. Let a be c(4). Let l(b) = -6*b**2 - 5*b**3 + a*b**3 + 216 + b + 0*b**3 - 214. Determine l(-6).
-4
Suppose 36*u = 31*u + 720. Suppose 17*b + u = -b. Let k(p) = 4*p + 2. Calculate k(b).
-30
Let u(r) be the third derivative of r**6/120 - r**5/12 + 5*r**4/24 - r**3 + 16*r**2. Let m(h) = h + 16. Let o be m(-4). Let n = 16 - o. Give u(n).
-2
Let x be 3/(-1) - (-3)/(-3)*3. Let v be 6/(-84)*-6 + x/14. Suppose 12 = -q + 4*a, v = -2*q + 5*a - 23 + 2. Let y(k) = k + 10. Determine y(q).
2
Let p(z) = -z**3 + z**2 + 17*z - 9. Let r be p(5). Let o be (-12)/r*(-7 + 1). Let q(k) = -k. Determine q(o).
3
Let b(q) = q**3 - 4*q**2 + 3*q + 2. Suppose -14*h + 18 = -10. Suppose -h*r + 60 = -6*r. Let u be (-18)/(-4)*(-2 + (-40)/r). Give b(u).
2
Let k(x) = 6 - 65 + 20*x + 284 + 2*x + 170. Give k(-18).
-1
Let o(n) = 3*n + 3*n**3 - 5*n**2 + n**3 - 3*n**3 - 4. Suppose 13*p = 4803 - 4738. Calculate o(p).
11
Suppose 3*v = 4*t - 24, -v = 3*t + v - 1. Suppose -t*r = 3*g - 9 - 0, -5*g = -5*